Calculate -2 - (9 + -8 - 6).
3
-5 + -2 - (-11 + 5) - -5
4
3 + (2 - 3) + 2
4
Calculate (3 - 8) + -1 - -4.
-2
Calculate (-1 - -2) + (-2 - 4).
-5
What is the value of 4 + (-7 - -5 - 5)?
-3
6 + (-3 - -3 - 5)
1
What is the value of -2 + -4 - (1 + -7 + 3)?
-3
-9 - (-6 + 17 + -14)
-6
Evaluate 12 - (2 + (-4 - -8) + -1).
7
What is (-5 + 8 - 3) + 5 - 3?
2
What is -5 - (-1 + (-4 - -3) + 1)?
-4
-8 + (1 - (-5 + 3)) - -2
-3
What is -1 + -1 + (0 - (-5 + 4))?
-1
What is (-14 - -14) + (-1 - 0 - 4)?
-5
Evaluate (1 - 1) + 6 + -492 + 485.
-1
Calculate (2 - 4) + (-20 - -15).
-7
What is 5 + -5 + (-6 - 3)?
-9
-17 + 23 + 1 + -1
6
What is 5 + (-3 + -3 + -2 - -2)?
-1
1 + (-2 - (-11 + 4)) - 10
-4
Evaluate 8 + (-2 + 0 - 2).
4
10 + -15 - (-10 + -2)
7
Evaluate (1 + 1 - 10) + 7.
-1
(-3 - -1) + (50 - 50)
-2
Calculate -6 + 0 + (3 - (1 - 0)).
-4
(-3 - (1 + -11 + 1)) + -2
4
What is the value of 4 - (-4 + 8) - 1?
-1
What is the value of (146 - 153) + (2 - (0 + -1))?
-4
What is the value of (32 + -22 - (2 + 1)) + -7?
0
Evaluate -31 - -32 - (2 - 0).
-1
What is (0 - 4) + 7 + (0 - 8)?
-5
5 + 0 - (-12 + -3 + 17)
3
What is the value of 16 - 4 - (-17 + 34)?
-5
Evaluate -5 - (-3 + (-4 + 2 - -5)).
-5
Calculate 0 - (0 + (-3 - (-5 + 3))).
1
What is -1 - -3 - (1 + 0 + 4)?
-3
What is the value of 1 - ((4 - 4) + -2)?
3
Calculate (-4 - -1) + -9 + 16 + -5.
-1
2 + 24 + -12 + -10
4
What is the value of -85 - -92 - (-2 + 2 + 2)?
5
-1 + 2 - (3 + 4 - 4)
-2
5 + -3 + (3 - 9)
-4
What is the value of 4 - (3 - (0 - 1))?
0
What is (0 - -1) + 2 + (-3 - -1)?
1
What is the value of -2 + 0 - (-2 + (7 - 4))?
-3
Calculate (-9 - (-7 - -10)) + 8.
-4
What is the value of 6 - (-1 + 6 + -4)?
5
What is the value of -5 + (0 - -4 - 4)?
-5
14 + -2 + 4 - 7
9
Calculate (0 - -6) + 1 - (3 - 2).
6
What is -5 + (4 - (-2 + 0))?
1
What is the value of 31 + -34 + (-1 - -6)?
2
Evaluate -1 - -5 - (-25 - -32).
-3
What is the value of 4 + -7 - -1 - 4?
-6
Calculate 1 + -2 + 2 + 0.
1
Evaluate 5 + -1 - (-3 - -6).
1
Evaluate -3 - -8 - 2 - (5 + -3).
1
Evaluate -13 + 2 - (-17 - -14).
-8
-6 - ((-10 - -2) + 0 + 0)
2
2 - ((-4 - -7) + 2 + -1)
-2
What is (10 - 0) + 99 + -103?
6
Evaluate 1 - (-9 + 18) - -6.
-2
Calculate 14 + (-10 - -4) + -4.
4
Calculate (5 - 16) + 9 - (1 + 1).
-4
What is 2 - (3 + (-4 - (-3 + 4)))?
4
Evaluate (1 + (-1 - -5) - 7) + -1.
-3
What is 5 - (7 - -7 - 3)?
-6
Calculate (13 - 15) + (4 - -3).
5
What is the value of 2 + (0 - -1 - (-2 + 1))?
4
What is the value of 8 + -12 - 0 - -4?
0
What is the value of (-6 - (3 + -7)) + -1?
-3
What is -4 - -1 - (2 - (2 - -6))?
3
-11 + (10 + -2 + 0 - 2)
-5
What is -1 + 0 - (-6 - -4)?
1
0 + -1 + -4 - (-11 + 8)
-2
What is the value of (0 - 9) + (-177 - -190)?
4
Calculate (-9 - -8) + 2 + -4.
-3
2 + 2 + (13 - 6 - 17)
-6
What is (-3 - -7) + 1 + -4?
1
(11 - 19) + 17 + -1
8
4 + -14 - -6 - (-1 - 0)
-3
(4 - -1 - (4 - -1)) + 0
0
(-9 - -4) + (7 - 0)
2
What is the value of -1 + 9 + -3 + -2 + 2?
5
Evaluate -12 + 11 + -3 + (1 - -4).
1
What is the value of (-1 - -3 - 3) + 1?
0
What is (-7 - -3) + 5 + 0?
1
What is the value of -5 + 8 + -10 - -7?
0
Evaluate 3 + (-6 - 0 - -7).
4
-7 + 2 + 7 + -4 + -4
-6
(28 - 22) + (-2 - 1) - -3
6
What is the value of 1 - 0 - ((0 - 0) + 2)?
-1
What is 0 + -5 - ((1 - 6) + 1)?
-1
Evaluate 0 + -1 + -3 - -10.
6
(7 - 3) + (-7 - 2)
-5
What is the value of -6 + -7 + 6 - (-6 - -6)?
-7
What is the value of (-5 - -3) + -3 + 4?
-1
Evaluate (-5 - -4) + -5 + 3.
-3
Calculate 1 - (3 + -2 - -1).
-1
-7 + 5 + (-7 - -3) - -13
7
What is 1 + 0 + (8 - (-6 + 15))?
0
What is 6 + 0 + (-2 - 2) + -2?
0
What is (2 - (-5 - -7)) + -1 + 0?
-1
What is -5 + (-2 + 2 - (2 - 0))?
-7
What is the value of -4 + 1 - -12 - (4 + 0)?
5
Calculate (4 + -1 - 1 - 1) + -2.
-1
What is the value of 1 - (1 + -2 - 3)?
5
(6 + 2 - 7) + (15 - 6)
10
Evaluate 0 + 2 + -3 - (32 - 28).
-5
What is (-21 - -3) + 8 - (-7 - -3)?
-6
What is the value of (-4 - (-11 - (-3 + -1))) + -1?
2
Calculate -3 - -14 - (5 + 0).
6
What is 10 + (-1 + 8 - 14)?
3
What is -9 + (1 - 0) + 3?
-5
What is the value of 12 - 6 - (3 - -1)?
2
Evaluate 4 - 3 - 3 - (-2 + -1).
1
What is 10 + (-7 - -3) + -4 + -4?
-2
Calculate -6 + 11 + -4 - -6.
7
What is -9 + (6 + 3 - 2)?
-2
6 + (4 - 16) - -1
-5
What is -2 + 1 - (80 - 79)?
-2
What is the value of -1 - -1 - (15 + -13)?
-2
What is the value of 11 - 5 - (-8 + 13)?
1
What is -6 + (3 - 4) + 3 + 1?
-3
Calculate -7 - (8 - (7 + 8)).
0
What is 3 + 0 + 0 + -1 + -1?
1
8 - (14 + -4) - -4
2
Evaluate 18 + (-14 - (3 + -5)).
6
What is -12 + (24 - 9) + -9?
-6
What is -3 - (5 + -5 - 0)?
-3
1 - (-4 - -4 - (-1 - -1))
1
Calculate 8 - (-3 + 3 - -5).
3
Calculate 1 + 0 - (-5 + 7 - -3).
-4
What is the value of 0 + (-10 - (-3 + -2)) + 4?
-1
Evaluate (-1 + 8 - 0) + -7.
0
What is the value of 1 - (9 + 0 + -3)?
-5
-11 + 4 + -3 + 6 - 5
-9
What is the value of 3 + -6 - (-6 + 1)?
2
-2 - ((-4 - -9 - 5) + -2)
0
0 + (-1 - (3 + -1 - 3))
0
What is the value of -10 + (14 - (0 + 12))?
-8
Calculate 4 - (-1 - (3 + (-1 - 6))).
1
What is the value of (7 + (-1 - -2) - 5) + -3?
0
What is the value of (49 + -45 - (0 - -1)) + -3?
0
What is 0 + 5 + (56 - 64)?
-3
What is 6 + (1 - (5 + -1)) - -3?
6
-2 + 1 + (-1 - -5) + -6
-3
12 + -7 + 0 - 0 - 2
3
Evaluate (-5 - 6) + 6 + 0.
-5
1 + (0 + -1 + -3 - -5)
2
(-5 - 3 - -6) + 4 - -1
3
What is the value of (-4 - (-3 + 2) - -6) + -2?
1
(-3 - 1) + 1 + 6 + 1
4
Calculate 1 + (1 - -1) + -4.
-1
Evaluate 1 - -2 - (2 + -3) - -1.
5
Evaluate 0 + -2 + 0 + 115 + -113.
0
-6 - ((8 - 15) + 5)
-4
0 - (1 + 0 + (-2 - -6))
-5
Evaluate 6 + -5 + 3 - (2 - -6).
-4
What is (25 + -30 - (-4 - 0)) + -1?
-2
Calculate 6 - (0 + -3 - -13).
-4
Calculate 2 + 3 + -4 + (3 - 0).
4
(66 - 55) + -6 + 1
6
What is the value of 8 + (9 - 6 - 11)?
0
Evaluate (11 - 0 - 7) + 1 + 0.
5
Evaluate 3 - (5 + 2 - (5 - 3)).
-2
Calculate 6 + -3 + -3 + -2 - 2.
-4
What is (1 - 9) + -18 + 21?
-5
-8 + (-21 - -17 - (-21 - -2))
7
What is 2 - (3 + -3) - (-4 - -4)?
2
0 + 6 + (-8 - -4) - 0
2
What is 9 + -3 - 5 - (-1 - -2)?
0
What is the value of 1 + (-5 - (-1 + -1) - 0)?
-2
Calculate (-5 + 2 + 6 - 3) + -4.
-4
-1 + 5 + (-18 - (-12 - 0))
-2
Calculate (9 - 6) + -7 + 2.
-2
5 + (0 - 5) + 8
8
What is -4 + -5 - (-8 - 0)?
-1
What is the value of -28 - -28 - (1 - 3)?
2
What is the value of -6 - (-7 - (-2 + 0)) - 4?
-5
What is the value of 4 + 1 + 5 + -5?
5
Evaluate -3 + -4 + 6 - (-3 - 2).
4
What is 7 + (-7 - -10 - 6)?
4
What is (0 - (2 - 0)) + -3 - -1?
-4
(-3 - 1) + 8 + -6
-2
What is the value of -4 + (2 - (3 + -2))?
-3
Evaluate (-7 + (4 - 2) - 0) + 3.
-2
-2 + 5 - (-7 - -6)
4
Evaluate -80 + 102 + 1 + -16.
7
What is the value of -2 - (-4 - -2 - 2)?
2
What is 7 + -4 - (0 + -1) - 7?
-3
What is the value of -2 + 6 + -4 - -3?
3
What is the value of 16 + -20 + (-1 - -1) - -2?
-2
Calculate (0 - 4) + 1 + (14 - 3).
8
Evaluate -1 + (-2 - (5 + -1)) + 12.
5
1 + (-1 - 0) + 1
1
What is the value of 133 - 144 - (-1 - (8 + -2))?
-4
1 + -4 - (26 - 31)
2
Calculate 1 - (-3 + (5 - -1)).
-2
4 + 0 + -10 + 12
6
Calculate -4 + (-1 - -8) - 0.
3
-2 + 0 + (1 - 1) + 2
0
Calculate 6 - (12 + (2 - 5)).
-3
What is the value of 4 - (-4 + (0 - -1) + 9)?
-2
Evaluate -7 + 2 - (-2 - 2).
-1
What is 1 + (-1 - (3 - 3))?
0
Calculate -7 + (-4 + 10 + -6 - -5).
-2
Evaluate 6 + 1 + -12 - (-4 + -1).
0
Evaluate -6 + 12 + -7 + 2.
1
What is -1 - (-3 + -1 - 0)?
3
What is 0 - 1 - (14 - 22 - -15)?
-8
Evaluate -1 + (-1 - -2) + -34 + 27.
-7
What is the value of 5 + (-9 + (-5 - -2) - -2)?
-5
What is the value of -13 + (18 - 2 - 10)?
-7
Evaluate -19 + 16 + (4 - 1) + 3.
3
Calculate -4 + (-3 + 0 - -4).
-3
What is the value of 3 + 2 + -8 - -1?
-2
(1 - 1) + (15 - 10) - -5
10
What is the value of (0 - -7) + (4 - 7)?
4
Evaluate (9 - 5) + -7 + 2 - 6.
-7
What is the value of -32 + 29 - (1 - 6) - 7?
-5
What is -3 - (2 + (-4 - -3))?
-4
Calculate 1 + 5 + (-71 - -69).
4
Evaluate 2 + (1 - 1) - (132 - 137).
7
What is the value of (5 - 15) + -8 + 4 + 10?
-4
What is 3 + 2 + -8 + 2?
-1
What is (2 - (6 + 0)) + -1 + 5?
0
11 + -3 + -11 - -2
-1
16 - 4 - (-1 - (3 - 9))
7
5 - ((1 - 4) + 5)
3
What is -9 + (5 - (6 - 5))?
-5
What is the value of (-3 - -7) + -2 + 2 + 1?
5
What is 0 + 0 + 3 - (-10 + 18)?
-5
Calculate -20 - (-14 + -6 + 5).
-5
What is the value of (35 - 34) + 5 + (-1 - 1)?
4
Calculate (19 - (6 + -2)) + -6 + -3.
6
What is (-1 - (-7 - -8)) + 0?
-2
5 + -7 + 0 + 2 + -1
-